{"id":80,"date":"2024-07-17T17:01:27","date_gmt":"2024-07-17T17:01:27","guid":{"rendered":"https:\/\/developers.inhubdigital.com.br\/lojatechdry\/?post_type=product&#038;p=80"},"modified":"2024-08-21T22:57:04","modified_gmt":"2024-08-21T22:57:04","slug":"base-preparadora-18l","status":"publish","type":"product","link":"https:\/\/developers.inhubdigital.com.br\/lojatechdry\/produto\/base-preparadora-18l\/","title":{"rendered":"Base preparadora 18L"},"content":{"rendered":"<h2>Descri\u00e7\u00e3o<\/h2>\n<p>A Base Preparadora \u00e9 um revestimento impermeabilizante que comp\u00f5e o portif\u00f3lio de solu\u00e7\u00f5es da TechDry. O produto \u00e9 incolor e base de \u00e1gua, de secagem ultrarr\u00e1pida, que prepara o substrato para receber a aplica\u00e7\u00e3o de produtos compat\u00edveis com os sistemas de impermeabiliza\u00e7\u00f5es da TechDry<\/p>\n<h2>Utiliza\u00e7\u00f5es<\/h2>\n<p>Utilizar como base de prepara\u00e7\u00e3o para os produtos Tinta Borracha liquida e ou Impermeabilizante Flex\u00edvel, para proporcionar uma aglutina\u00e7\u00e3o no substrato;<\/p>\n<h2>Embalagens<\/h2>\n<p>Balde de 3,6 litros e balde de 18 litros<\/p>\n","protected":false},"excerpt":{"rendered":"<ul>\n<li>F\u00e1cil aplica\u00e7\u00e3o<\/li>\n<li>Hidrorrepel\u00eancia<\/li>\n<li>Reduz a temperatura<\/li>\n<li>Preenche microfissuras<\/li>\n<\/ul>\n","protected":false},"featured_media":82,"comment_status":"open","ping_status":"closed","template":"","meta":[],"product_cat":[15,17,23],"product_tag":[],"class_list":{"0":"post-80","1":"product","2":"type-product","3":"status-publish","4":"has-post-thumbnail","6":"product_cat-sem-categoria","7":"product_cat-base-preparadora","8":"product_cat-mais-vendidos","10":"first","11":"instock","12":"shipping-taxable","13":"purchasable","14":"product-type-simple"},"_links":{"self":[{"href":"https:\/\/developers.inhubdigital.com.br\/lojatechdry\/wp-json\/wp\/v2\/product\/80","targetHints":{"allow":["GET"]}}],"collection":[{"href":"https:\/\/developers.inhubdigital.com.br\/lojatechdry\/wp-json\/wp\/v2\/product"}],"about":[{"href":"https:\/\/developers.inhubdigital.com.br\/lojatechdry\/wp-json\/wp\/v2\/types\/product"}],"replies":[{"embeddable":true,"href":"https:\/\/developers.inhubdigital.com.br\/lojatechdry\/wp-json\/wp\/v2\/comments?post=80"}],"wp:featuredmedia":[{"embeddable":true,"href":"https:\/\/developers.inhubdigital.com.br\/lojatechdry\/wp-json\/wp\/v2\/media\/82"}],"wp:attachment":[{"href":"https:\/\/developers.inhubdigital.com.br\/lojatechdry\/wp-json\/wp\/v2\/media?parent=80"}],"wp:term":[{"taxonomy":"product_cat","embeddable":true,"href":"https:\/\/developers.inhubdigital.com.br\/lojatechdry\/wp-json\/wp\/v2\/product_cat?post=80"},{"taxonomy":"product_tag","embeddable":true,"href":"https:\/\/developers.inhubdigital.com.br\/lojatechdry\/wp-json\/wp\/v2\/product_tag?post=80"}],"curies":[{"name":"wp","href":"https:\/\/api.w.org\/{rel}","templated":true}]}}