{"id":26,"date":"2022-10-05T14:18:08","date_gmt":"2022-10-05T14:18:08","guid":{"rendered":"https:\/\/demo.bravisthemes.com\/gatedata\/?page_id=26"},"modified":"2025-09-04T23:21:21","modified_gmt":"2025-09-04T23:21:21","slug":"sobre-nos","status":"publish","type":"page","link":"https:\/\/developers.inhubdigital.com.br\/medina\/sobre-nos\/","title":{"rendered":"Sobre N\u00f3s"},"content":{"rendered":"\t\t<div data-elementor-type=\"wp-page\" data-elementor-id=\"26\" class=\"elementor elementor-26\" data-elementor-post-type=\"page\">\n\t\t\t\t        <section class=\"elementor-section elementor-top-section elementor-element elementor-element-16f1a7b elementor-section-boxed elementor-section-height-default elementor-section-height-default pxl-type-header-none pxl-bg-color-none pxl-row-scroll-none elementor-invisible\" data-id=\"16f1a7b\" data-element_type=\"section\" data-e-type=\"section\" data-settings=\"{&quot;animation&quot;:&quot;fadeInUp&quot;}\">\n\n                \n                <div class=\"elementor-container elementor-column-gap-extended \">\n                <div class=\"elementor-column elementor-col-50 elementor-top-column elementor-element elementor-element-838f712 pxl-col-none pxl-column-none\" data-id=\"838f712\" data-element_type=\"column\" data-e-type=\"column\">\r\n        <div class=\"elementor-widget-wrap elementor-element-populated\">\r\n                     \r\n        \t\t<div class=\"elementor-element elementor-element-d514a48 elementor-widget elementor-widget-pxl_heading\" data-id=\"d514a48\" data-element_type=\"widget\" data-e-type=\"widget\" data-widget_type=\"pxl_heading.default\">\n\t\t\t\t<div class=\"elementor-widget-container\">\n\t\t\t\t\t<div class=\"pxl-heading\">\n\t<div class=\"pxl-heading--inner\">\n\t\t\t\t\t<div class=\"pxl-item--subtitle line-left \" data-wow-delay=\"ms\">\n\t\t\t\t<div class=\"wrap-subtitle style1 \">\n\t\t\t\t\t\n\t\t\t\n\t\t\t\t<span>Sobre a Medina Cred<\/span>\n\t\t\t\t<span class=\"icon-after\"><\/span>\n\t\t\t\t<\/div>\n\t\t\t\t\n\t\t<\/div>\n\t\t<h3 class=\"pxl-item--title  highlight-default Teko\" data-wow-delay=\"ms\">\n\tA solu\u00e7\u00e3o de cr\u00e9dito que simplifica a sua vida\t\t\n\t<\/h3>\n<\/div>\n<\/div>\t\t\t\t<\/div>\n\t\t\t\t<\/div>\n\t\t\t\t<div class=\"elementor-element elementor-element-9bb4859 elementor-widget elementor-widget-pxl_text_editor\" data-id=\"9bb4859\" data-element_type=\"widget\" data-e-type=\"widget\" data-widget_type=\"pxl_text_editor.default\">\n\t\t\t\t<div class=\"elementor-widget-container\">\n\t\t\t\t\t<div class=\"pxl-text-editor\">\n\t<div class=\"pxl-item--inner  \" data-wow-delay=\"ms\">\n\t\tA Medina Cred \u00e9 uma financeira especializada em oferecer linhas de cr\u00e9dito pr\u00e1ticas e acess\u00edveis para pessoas f\u00edsicas e pequenos neg\u00f3cios. Trabalhamos com cons\u00f3rcios, empr\u00e9stimos (incluindo consignado) e financiamentos residenciais e automotivos \u2014 sempre com foco em agilidade e atendimento humano.\t\t\n\t<\/div>\n<\/div>\t\t\t\t<\/div>\n\t\t\t\t<\/div>\n\t\t\t\t<div class=\"elementor-element elementor-element-e5e5c65 elementor-widget elementor-widget-pxl_text_editor\" data-id=\"e5e5c65\" data-element_type=\"widget\" data-e-type=\"widget\" data-widget_type=\"pxl_text_editor.default\">\n\t\t\t\t<div class=\"elementor-widget-container\">\n\t\t\t\t\t<div class=\"pxl-text-editor\">\n\t<div class=\"pxl-item--inner  \" data-wow-delay=\"ms\">\n\t\tNosso processo \u00e9 simples: voc\u00ea simula online, envia a documenta\u00e7\u00e3o pelo celular e recebe resposta objetiva da nossa equipe. Quando a proposta \u00e9 aprovada, cuidamos para acelerar a libera\u00e7\u00e3o do recurso \u2014 sem enrola\u00e7\u00e3o e com um \u00fanico ponto de contato para acompanhar cada etapa pelo WhatsApp.\t\t\n\t<\/div>\n<\/div>\t\t\t\t<\/div>\n\t\t\t\t<\/div>\n\t\t\t\t<div class=\"elementor-element elementor-element-9910f8b elementor-widget elementor-widget-text-editor\" data-id=\"9910f8b\" data-element_type=\"widget\" data-e-type=\"widget\" data-widget_type=\"text-editor.default\">\n\t\t\t\t\t\t\t\t\tA gente acredita que cr\u00e9dito deve aproximar voc\u00ea dos seus planos \u2014 e n\u00e3o gerar mais incerteza. Nosso compromisso \u00e9 oferecer op\u00e7\u00f5es reais, esclarecer o passo a passo e dar suporte at\u00e9 o dinheiro cair na conta.\t\t\t\t\t\t\t\t<\/div>\n\t\t            <\/div>\r\n        <\/div>\r\n                <div class=\"elementor-column elementor-col-50 elementor-top-column elementor-element elementor-element-e1522fb pxl-col-none pxl-column-none\" data-id=\"e1522fb\" data-element_type=\"column\" data-e-type=\"column\">\r\n        <div class=\"elementor-widget-wrap elementor-element-populated\">\r\n                     \r\n        \t\t<div class=\"elementor-element elementor-element-781b11c elementor-widget-tablet__width-auto elementor-widget elementor-widget-pxl_image\" data-id=\"781b11c\" data-element_type=\"widget\" data-e-type=\"widget\" data-widget_type=\"pxl_image.default\">\n\t\t\t\t<div class=\"elementor-widget-container\">\n\t\t\t\t\t<div class=\"pxl-image-single style1  \" data-wow-delay=\"ms\" data-maxtilt=\"\" data-speedtilt=\"\">\r\n                        <div class=\"pxl-item--inner\">\r\n                                <img fetchpriority=\"high\" decoding=\"async\" width=\"850\" height=\"780\" src=\"https:\/\/developers.inhubdigital.com.br\/medina\/wp-content\/uploads\/2022\/11\/02_about-1.jpg\" class=\"no-lazyload attachment-full\" alt=\"\" \/>                            <\/div>\r\n            <\/div>\t\t\t\t<\/div>\n\t\t\t\t<\/div>\n\t\t            <\/div>\r\n        <\/div>\r\n        \t\t\t<\/div>\n\t\t<\/section>\n\t\t        <section class=\"elementor-section elementor-top-section elementor-element elementor-element-16a0985 elementor-section-boxed elementor-section-height-default elementor-section-height-default pxl-type-header-none pxl-bg-color-none pxl-row-scroll-none\" data-id=\"16a0985\" data-element_type=\"section\" data-e-type=\"section\">\n\n                \n                <div class=\"elementor-container elementor-column-gap-default \">\n                <div class=\"elementor-column elementor-col-100 elementor-top-column elementor-element elementor-element-f7d7140 pxl-col-none pxl-column-none\" data-id=\"f7d7140\" data-element_type=\"column\" data-e-type=\"column\">\r\n        <div class=\"elementor-widget-wrap elementor-element-populated\">\r\n                     \r\n                <section class=\"elementor-section elementor-inner-section elementor-element elementor-element-04411a3 elementor-section-boxed elementor-section-height-default elementor-section-height-default pxl-type-header-none pxl-bg-color-none pxl-row-scroll-none\" data-id=\"04411a3\" data-element_type=\"section\" data-e-type=\"section\">\n\n                \n                <div class=\"elementor-container elementor-column-gap-default \">\n                <div class=\"elementor-column elementor-col-33 elementor-inner-column elementor-element elementor-element-1c10775 pxl-col-none pxl-column-none\" data-id=\"1c10775\" data-element_type=\"column\" data-e-type=\"column\">\r\n        <div class=\"elementor-widget-wrap elementor-element-populated\">\r\n                     \r\n        \t\t<div class=\"elementor-element elementor-element-c2a3e47 elementor-view-default elementor-widget elementor-widget-icon\" data-id=\"c2a3e47\" data-element_type=\"widget\" data-e-type=\"widget\" data-widget_type=\"icon.default\">\n\t\t\t\t\t\t\t<div class=\"elementor-icon-wrapper\">\n\t\t\t<div class=\"elementor-icon\">\n\t\t\t<i aria-hidden=\"true\" class=\"fal fa-bullseye-arrow\"><\/i>\t\t\t<\/div>\n\t\t<\/div>\n\t\t\t\t\t\t<\/div>\n\t\t\t\t<div class=\"elementor-element elementor-element-fc3fede elementor-widget elementor-widget-text-editor\" data-id=\"fc3fede\" data-element_type=\"widget\" data-e-type=\"widget\" data-widget_type=\"text-editor.default\">\n\t\t\t\t\t\t\t\t\tMiss\u00e3o\t\t\t\t\t\t\t\t<\/div>\n\t\t\t\t<div class=\"elementor-element elementor-element-3a5dd97 elementor-widget elementor-widget-pxl_text_editor\" data-id=\"3a5dd97\" data-element_type=\"widget\" data-e-type=\"widget\" data-widget_type=\"pxl_text_editor.default\">\n\t\t\t\t<div class=\"elementor-widget-container\">\n\t\t\t\t\t<div class=\"pxl-text-editor\">\n\t<div class=\"pxl-item--inner  \" data-wow-delay=\"ms\">\n\t\tOferecer cons\u00f3rcios, empr\u00e9stimos e financiamentos que conectem pessoas e pequenos neg\u00f3cios aos seus objetivos, com processo digital pr\u00e1tico e acompanhamento humano at\u00e9 a libera\u00e7\u00e3o.\t\t\n\t<\/div>\n<\/div>\t\t\t\t<\/div>\n\t\t\t\t<\/div>\n\t\t            <\/div>\r\n        <\/div>\r\n                <div class=\"elementor-column elementor-col-33 elementor-inner-column elementor-element elementor-element-4ef42bb pxl-col-none pxl-column-none\" data-id=\"4ef42bb\" data-element_type=\"column\" data-e-type=\"column\">\r\n        <div class=\"elementor-widget-wrap elementor-element-populated\">\r\n                     \r\n        \t\t<div class=\"elementor-element elementor-element-9e767ec elementor-view-default elementor-widget elementor-widget-icon\" data-id=\"9e767ec\" data-element_type=\"widget\" data-e-type=\"widget\" data-widget_type=\"icon.default\">\n\t\t\t\t\t\t\t<div class=\"elementor-icon-wrapper\">\n\t\t\t<div class=\"elementor-icon\">\n\t\t\t<i aria-hidden=\"true\" class=\"fal fa-flag\"><\/i>\t\t\t<\/div>\n\t\t<\/div>\n\t\t\t\t\t\t<\/div>\n\t\t\t\t<div class=\"elementor-element elementor-element-7db317d elementor-widget elementor-widget-text-editor\" data-id=\"7db317d\" data-element_type=\"widget\" data-e-type=\"widget\" data-widget_type=\"text-editor.default\">\n\t\t\t\t\t\t\t\t\tVis\u00e3o\t\t\t\t\t\t\t\t<\/div>\n\t\t\t\t<div class=\"elementor-element elementor-element-d4ad9c9 elementor-widget elementor-widget-pxl_text_editor\" data-id=\"d4ad9c9\" data-element_type=\"widget\" data-e-type=\"widget\" data-widget_type=\"pxl_text_editor.default\">\n\t\t\t\t<div class=\"elementor-widget-container\">\n\t\t\t\t\t<div class=\"pxl-text-editor\">\n\t<div class=\"pxl-item--inner  \" data-wow-delay=\"ms\">\n\t\tQueremos ser reconhecidos pela agilidade de aprova\u00e7\u00e3o, inova\u00e7\u00e3o digital e por transformar cr\u00e9dito em resultado real para fam\u00edlias e empreendedores.\t\t\n\t<\/div>\n<\/div>\t\t\t\t<\/div>\n\t\t\t\t<\/div>\n\t\t            <\/div>\r\n        <\/div>\r\n                <div class=\"elementor-column elementor-col-33 elementor-inner-column elementor-element elementor-element-146545a pxl-col-none pxl-column-none\" data-id=\"146545a\" data-element_type=\"column\" data-e-type=\"column\">\r\n        <div class=\"elementor-widget-wrap elementor-element-populated\">\r\n                     \r\n        \t\t<div class=\"elementor-element elementor-element-f984669 elementor-view-default elementor-widget elementor-widget-icon\" data-id=\"f984669\" data-element_type=\"widget\" data-e-type=\"widget\" data-widget_type=\"icon.default\">\n\t\t\t\t\t\t\t<div class=\"elementor-icon-wrapper\">\n\t\t\t<div class=\"elementor-icon\">\n\t\t\t<i aria-hidden=\"true\" class=\"fal fa-star\"><\/i>\t\t\t<\/div>\n\t\t<\/div>\n\t\t\t\t\t\t<\/div>\n\t\t\t\t<div class=\"elementor-element elementor-element-740aa21 elementor-widget elementor-widget-text-editor\" data-id=\"740aa21\" data-element_type=\"widget\" data-e-type=\"widget\" data-widget_type=\"text-editor.default\">\n\t\t\t\t\t\t\t\t\tValores\t\t\t\t\t\t\t\t<\/div>\n\t\t\t\t<div class=\"elementor-element elementor-element-1d899f4 elementor-widget elementor-widget-pxl_text_editor\" data-id=\"1d899f4\" data-element_type=\"widget\" data-e-type=\"widget\" data-widget_type=\"pxl_text_editor.default\">\n\t\t\t\t<div class=\"elementor-widget-container\">\n\t\t\t\t\t<div class=\"pxl-text-editor\">\n\t<div class=\"pxl-item--inner  \" data-wow-delay=\"ms\">\n\t\tTranspar\u00eancia \u00b7 Agilidade \u00b7 Responsabilidade \u00b7 Atendimento humanizado\t\t\n\t<\/div>\n<\/div>\t\t\t\t<\/div>\n\t\t\t\t<\/div>\n\t\t            <\/div>\r\n        <\/div>\r\n        \t\t\t<\/div>\n\t\t<\/section>\n\t\t            <\/div>\r\n        <\/div>\r\n        \t\t\t<\/div>\n\t\t<\/section>\n\t\t\t\t<\/div>\n\t\t","protected":false},"excerpt":{"rendered":"<p>Sobre a Medina Cred A solu\u00e7\u00e3o de cr\u00e9dito que simplifica a sua vida A Medina Cred \u00e9 uma financeira especializada em oferecer linhas de cr\u00e9dito pr\u00e1ticas e acess\u00edveis para pessoas f\u00edsicas e pequenos neg\u00f3cios. Trabalhamos com cons\u00f3rcios, empr\u00e9stimos (incluindo consignado) e financiamentos residenciais e automotivos \u2014 sempre com foco em agilidade e atendimento humano. Nosso [&hellip;]<\/p>\n","protected":false},"author":1,"featured_media":0,"parent":0,"menu_order":0,"comment_status":"closed","ping_status":"closed","template":"","meta":{"footnotes":""},"class_list":["post-26","page","type-page","status-publish","hentry"],"_links":{"self":[{"href":"https:\/\/developers.inhubdigital.com.br\/medina\/wp-json\/wp\/v2\/pages\/26","targetHints":{"allow":["GET"]}}],"collection":[{"href":"https:\/\/developers.inhubdigital.com.br\/medina\/wp-json\/wp\/v2\/pages"}],"about":[{"href":"https:\/\/developers.inhubdigital.com.br\/medina\/wp-json\/wp\/v2\/types\/page"}],"author":[{"embeddable":true,"href":"https:\/\/developers.inhubdigital.com.br\/medina\/wp-json\/wp\/v2\/users\/1"}],"replies":[{"embeddable":true,"href":"https:\/\/developers.inhubdigital.com.br\/medina\/wp-json\/wp\/v2\/comments?post=26"}],"version-history":[{"count":7,"href":"https:\/\/developers.inhubdigital.com.br\/medina\/wp-json\/wp\/v2\/pages\/26\/revisions"}],"predecessor-version":[{"id":2758,"href":"https:\/\/developers.inhubdigital.com.br\/medina\/wp-json\/wp\/v2\/pages\/26\/revisions\/2758"}],"wp:attachment":[{"href":"https:\/\/developers.inhubdigital.com.br\/medina\/wp-json\/wp\/v2\/media?parent=26"}],"curies":[{"name":"wp","href":"https:\/\/api.w.org\/{rel}","templated":true}]}}